*x. Calculate w(x).
-8
Let b(d) be the first derivative of 1/4*d**4 + 1/3*d**3 + 3 - d - d**2. Give b(-2).
-1
Let q(g) be the third derivative of -1/24*g**4 + 0 + 2*g**2 + 0*g + 1/2*g**3. Calculate q(-3).
6
Let v(d) = -4*d - 2*d**2 + d**2 + 3 - 1. Let m(f) = f**2 - 9*f + 9. Let w be (-2)/(-4)*(10 + 4). Let q be m(w). Calculate v(q).
-3
Suppose 5*i = i - 12. Let o(n) be the second derivative of n**5/20 + n**4/6 - 2*n**3/3 - n**2 - n. What is o(i)?
1
Let u(g) = -4*g**3 - g**2 + g. Let c be ((-4)/(-5))/(8/(-40)) - 1. Suppose -5*a - 24 = -2*j, -4*j + 0*j = 2*a. Let l = a - c. Determine u(l).
-4
Let f(b) = -b**2 - 5*b + 7. Suppose 0 = 2*n + 2*j - 3*j + 9, 0 = 4*n + 3*j + 23. Give f(n).
7
Let y be -6 - (-1 - 2) - -4. Let c be y/4 + (-15)/12. Let a(s) = 5*s + 9. Let z(k) = k + 2. Let i(u) = 2*a(u) - 9*z(u). Determine i(c).
-1
Let z = -12 - -4. Let v = z + 14. Let c(d) = d**3 - 7*d**2 + 6*d + 6. Calculate c(v).
6
Let f = -34 + 37. Let w(n) = -2 - 2*n**2 - 3*n + 0*n**2 + 3*n**2. Calculate w(f).
-2
Let y(b) = -b**3 + 7*b**2 - 6*b. Suppose 13*j = 15*j - 12. Calculate y(j).
0
Let z(w) = -5*w**2 + 7 - 12*w + 0*w**2 + 11. Let g(y) = -2*y**2 - 4*y + 6. Let s(h) = -8*g(h) + 3*z(h). What is s(5)?
11
Let t(g) = 1 - 8*g**3 + 9*g**3 - 2*g**3 - g - 6 - 4*g**2. Calculate t(-4).
-1
Let s(n) = 5*n**2 - 7*n + 7. Let l(p) = 14*p**2 - 21*p + 20. Let u(t) = -6*l(t) + 17*s(t). Calculate u(-5).
-11
Let y = -2 + 8. Let l(t) = t**3 - 6*t**2 - 1. Calculate l(y).
-1
Let s(f) = -f**2 - 12*f - 1. Let i(k) = 4*k. Let j(r) = 8*i(r) + 3*s(r). Determine j(-2).
-7
Let y(n) = -8*n**2 + 1. Suppose -3*r + r = -5*i + 9, 2*r = -5*i + 1. Give y(i).
-7
Let m = 19 - 16. Let q(c) = 5*c + 2*c**2 - 8 + m*c**2 - 4*c**2. Suppose 0 = -v + 3*v + 12. What is q(v)?
-2
Let f be 3/4*(-1 - 3). Let j(y) be the third derivative of -y**8/20160 + y**6/720 + y**5/60 - 2*y**2. Let g(z) be the third derivative of j(z). Determine g(f).
-8
Let s(d) be the first derivative of -3*d**2/2 - d + 6. What is s(-1)?
2
Let t(w) be the third derivative of -1/30*w**5 + 0 + 0*w - 6*w**2 + 1/6*w**3 + 0*w**4. Determine t(1).
-1
Let m(u) = -3*u - 1. Let v be m(-1). Let c(s) = 0 + 10*s**2 + 0*s - 1 - v*s. Determine c(-1).
11
Let b(v) be the third derivative of -3/2*v**3 - 7/24*v**4 - 1/60*v**5 + 0*v + 3*v**2 + 0. What is b(-6)?
-3
Suppose w - 4 = -3*w. Let c be 1 - (w*7 + -1). Let b(g) be the second derivative of -g**4/12 - 7*g**3/6 - 3*g**2 + 11*g. What is b(c)?
4
Let w(a) = 2*a**2 - 3. Let u(n) = -3*n**2 + n + 3. Let b(q) = 3*u(q) + 4*w(q). Give b(2).
-1
Let j(b) be the third derivative of b**5/60 + b**4/4 - b**3/2 + 34*b**2. Give j(-3).
-12
Let h(m) = m**3 - 5*m**2 - 6*m + 2. Let w be h(6). Let x(p) = 3 - 5 + 7*p - 5*p + 2*p. What is x(w)?
6
Let f(p) = 1. Suppose -5*o + 4*q - 10 = 0, 0 = -4*o + 3*q - 2 - 5. Let b(n) = -n + 6. Let m(l) = o*f(l) - b(l). Give m(5).
1
Let f = -4 - -2. Let c(s) = -s**3 + 9*s**2 + 4. Let q be c(9). Let p be 2/q + 1/f. Let w(a) = a + 6. Give w(p).
6
Let b = -13 - -7. Let x(p) = p**2 + 8*p + 4. What is x(b)?
-8
Let r(s) = 8*s**3 + 2*s**2 - 7*s + 2. Let u(z) = -4*z**3 - z**2 + 4*z - 1. Let i(x) = -3*r(x) - 5*u(x). Determine i(1).
-5
Let d be (-2 - -10) + -1 + 1. Let o(y) = -3*y + d*y - 2*y. Calculate o(2).
6
Let a(t) = 1 - t + 3 - 2 + 2. Let d be a(3). Let q(n) = -6*n**2 - 1. Calculate q(d).
-7
Suppose 2*f + f + 75 = 0. Let c = -30 - f. Let w(a) = -a - 6. Calculate w(c).
-1
Let j(a) = -3*a - 37. Let t(x) = x + 12. Let r(c) = 2*j(c) + 7*t(c). Determine r(-7).
3
Let w(x) be the first derivative of x**6/120 - x**5/15 + 5*x**4/24 - x**3/3 - 9*x**2/2 - 3. Let h(u) be the second derivative of w(u). Give h(3).
4
Let s(c) = c**3 + 2*c**2 - 4*c. Let w be s(-3). Let y(g) = 4 - g - 2*g**2 + 3*g**2 - w. Let m be (4/6)/(6/18). Calculate y(m).
3
Let s = 11 + -6. Let g(p) = p**2 - 2*p - 2. Calculate g(s).
13
Let v(q) be the second derivative of -q**4/12 - 3*q**3/2 - 5*q**2 + 9*q. What is v(-7)?
4
Let d = 6 + -3. Suppose -d*a - 2*a = 20. Let r(c) = -c**2 - 4*c + 1. Calculate r(a).
1
Let h(v) = -v**3 + 9*v - 19*v - 5*v**2 + 6*v. Calculate h(-3).
-6
Let k(i) = -i - 5. Let j be (-5 - 5)*(-3)/(-6). Give k(j).
0
Let g(q) be the second derivative of q**4/12 - 5*q**3/6 - q**2/2 + q. Let a = -156 + 162. Determine g(a).
5
Let p(t) = t**2 - 2*t - 1. Let n = 14 - 11. What is p(n)?
2
Let q(u) = -u**2 - 1. Let d be q(2). Let j = 4 + d. Let o(h) be the third derivative of -h**6/24 - h**5/30 - h**4/24 + h**2. Give o(j).
4
Suppose 11 - 3 = 4*l. Let k(p) = -2*p**2 + 3 - 4 + p**2. What is k(l)?
-5
Let f(m) = m**3 + 28*m - 2 - 24*m - 3 + 0 + 5*m**2. What is f(-4)?
-5
Let v be ((4 - 2) + -1)*-2. Let j = v + 7. Let l(p) = -p**2 + 7*p + 2. What is l(j)?
12
Suppose 4*z - 3*z = 5*f - 4, 0 = -4*f + z + 3. Let h(m) = 2*m**3 - m**2 + 1. Calculate h(f).
2
Let q(g) = -11*g + 1. Let w be q(-2). Suppose 0 = h - 5*x + 5, -w = -h - 4*h + x. Let m(v) be the second derivative of -v**4/12 + v**3 - v. Calculate m(h).
5
Suppose 10*y = 5*y + 10. Suppose -25 = -5*j + 5*x, -y*j - 3*j = x - 1. Let i(p) = p**3 + 4*p - p**2 - j - 7*p + 2. Determine i(2).
-1
Suppose 2*k + 3*k = -5. Let d(t) = -3*t. Calculate d(k).
3
Let x(t) be the third derivative of t**4/24 + t**3/6 + 6*t**2 + 2. Give x(-1).
0
Suppose 0*l = 3*l - 3. Let q(h) = -l - h - 3 + 1. Let b be (-10)/15 - 7/3. Give q(b).
0
Let t = -113 + 107. Let x(u) = 2*u + 3. Give x(t).
-9
Let f(k) be the first derivative of -k**4/4 - 5*k**3/3 + 7*k**2/2 + 8*k - 35. Calculate f(-6).
2
Let y(b) = -b**2 + 2*b + 1. Let h = -12 + 15. Determine y(h).
-2
Let h(r) = 1 + 0*r + 1 + 0*r - r. Determine h(0).
2
Suppose 4*u = 2*u + 8. Let d(k) = -k**2 + 5. What is d(u)?
-11
Suppose -y = -4*n - 16, -2*y - 3*n - 4 = n. Let r(k) = -k - 3. Let t(s) = -s + 1. Let i(u) = y*t(u) + r(u). Determine i(1).
-4
Let v(s) = 9*s**2 + 10*s - s**3 + 14 - 4*s - 6 - 2*s**2. Give v(8).
-8
Let b = -5 + -1. Let l(a) = 0*a**3 + 6*a**2 - 2 + 5*a**3 + a - 2*a**3 - 2*a**3. Give l(b).
-8
Let l(c) = 2*c**3 - 4*c**2 + c - 2. Suppose -16 = 5*n - 31. Calculate l(n).
19
Suppose -2*h = 0, 7*c + h = 2*c - 25. Let r(w) = w**3 + 5*w**2 - 2*w - 6. Give r(c).
4
Let c be 3*2/((-2)/(-1)). Let s = c + -1. Let k(w) = 4*w**2 - 4*w + 3. What is k(s)?
11
Let s = -7 + 9. Let g(t) = 1 + 3*t - 6*t + s*t. What is g(-5)?
6
Let b(k) = -2 + 4*k**2 + 3*k**2 + 1 - 4*k**2 + 5*k. Let m(w) = -4*w**2 - 5*w + 2. Let l(i) = 5*b(i) + 4*m(i). What is l(6)?
-3
Let y = -17 - -13. Let k(f) = -f**3 - 3*f**2 + 5*f + 2. Calculate k(y).
-2
Let w(t) = -42*t**3 - 5*t**2 - 5*t + 3. Let n(g) = -14*g**3 - 2*g**2 - 2*g + 1. Let k(s) = 11*n(s) - 4*w(s). Calculate k(-1).
-15
Let s(k) = -k**3 - 3*k**2 - k + 3. Let n be s(-3). Let j(w) be the third derivative of -w**6/120 + 7*w**5/60 - w**4/4 + 7*w**3/6 - 5*w**2. Determine j(n).
7
Suppose -3*r - 8 = r. Let w(k) be the first derivative of 2*k**3/3 + 3*k**2/2 + 4*k - 1. Let u(q) be the first derivative of w(q). What is u(r)?
-5
Let q(v) = -2*v - 7. Let b(n) = -4*n - 14. Let k(t) = -4*b(t) + 7*q(t). Suppose -3*r + 30 - 45 = 0. Determine k(r).
-3
Let n(o) = -7*o**2 + 2*o - 6 + 7*o - 10*o + 3*o. Let g(c) = -c**2 - 1. Let t(z) = -5*g(z) + n(z). Determine t(-2).
-13
Let h(g) = -23*g**2 - 2*g - 1. Let q be (-4)/6 + (15/(-9))/5. Give h(q).
-22
Let j(z) be the third derivative of -1/20*z**6 + 1/60*z**5 + 0 + 3*z**2 + 0*z + 1/6*z**3 - 1/24*z**4. Give j(1).
-5
Let b(x) = 3*x**3 - 3*x**2 - 3*x - 4. Let t = 6 - 11. Let v(y) = -y**3 + y**2 + 1. Let p(d) = t*v(d) - b(d). Calculate p(2).
13
Let q(k) = -k**2 + 7*k - 4. Suppose -4*x = 3*l + 8, -3*x = 2*l - l + 11. Suppose l*b = -2*z, 4*z = z - 2*b + 12. Determine q(z).
2
Let a(d) = -d**3 - 5*d**2 + 5*d - 1. Let z be a(-6). Let w(k) be the first derivative of k**2 - 7*k - 34. What is w(z)?
3
Suppose -1 = -3*s - a + 11, 3*s - 2*a - 3 = 0. Let l(p) = -p. Let k(d) = d**2 + 2*d - 1. Let f(c) = k(c) + 4*l(c). Determine f(s).
2
Let f(i) = -i**2 + 4*i. Suppose 4 = j - 3*j. Let v(b) = -b - 7. Let q(m) = -m - 4. Let c(x) = 5*q(x) - 3*v(x). Let l be c(j). Determine f(l).
-5
Suppose 4*s + i + 4*i - 35 = 0, s - i = 11. Let t be (-34)/s + (-6)/10. Let p(r) = -r + 1. Give p(t).
5
Let p(u) = -5*u. Let n(t) = -14*t + 1. Let y(k) = 3*n(k) - 8*p(k). What is y(8)?
-13
Let p(l) be the third derivative of -l**4/24 - 12*l**2. Suppose 0 = -3*h